{"id":1340,"date":"2024-11-11T18:07:08","date_gmt":"2024-11-11T18:07:08","guid":{"rendered":"https:\/\/mceventos.com.pt\/home\/?page_id=1340"},"modified":"2025-04-02T09:19:45","modified_gmt":"2025-04-02T09:19:45","slug":"iluminacao-2","status":"publish","type":"page","link":"https:\/\/mceventos.com.pt\/home\/iluminacao-2\/","title":{"rendered":"ILUMINA\u00c7\u00c3O DECORATIVA"},"content":{"rendered":"\t\t<div data-elementor-type=\"wp-page\" data-elementor-id=\"1340\" class=\"elementor elementor-1340\">\n\t\t\t\t<div class=\"elementor-element elementor-element-19d44bf e-con-full e-flex wpr-particle-no wpr-jarallax-no wpr-parallax-no wpr-sticky-section-no wpr-equal-height-no e-con e-parent\" data-id=\"19d44bf\" data-element_type=\"container\" data-e-type=\"container\" data-settings=\"{&quot;background_background&quot;:&quot;classic&quot;}\">\n\t\t\t\t<div class=\"elementor-element elementor-element-d9d892c elementor-widget elementor-widget-spacer\" data-id=\"d9d892c\" data-element_type=\"widget\" data-e-type=\"widget\" data-widget_type=\"spacer.default\">\n\t\t\t\t<div class=\"elementor-widget-container\">\n\t\t\t\t\t\t\t<div class=\"elementor-spacer\">\n\t\t\t<div class=\"elementor-spacer-inner\"><\/div>\n\t\t<\/div>\n\t\t\t\t\t\t<\/div>\n\t\t\t\t<\/div>\n\t\t\t\t<div class=\"elementor-element elementor-element-6af7f15 wpr-advanced-text-style-animated wpr-fancy-text-typing wpr-animated-text-infinite-yes elementor-widget elementor-widget-wpr-advanced-text\" data-id=\"6af7f15\" data-element_type=\"widget\" data-e-type=\"widget\" data-settings=\"{&quot;anim_loop&quot;:&quot;yes&quot;}\" data-widget_type=\"wpr-advanced-text.default\">\n\t\t\t\t<div class=\"elementor-widget-container\">\n\t\t\t\t\t\n\t\t<h3 class=\"wpr-advanced-text\">\n\n\t\t\t\t\t\n\t\t\t\t\t\t\t<span class=\"wpr-advanced-text-preffix\">ILUMINA\u00c7\u00c3O<\/span>\n\t\t\t\n\t\t<span class=\"wpr-anim-text wpr-anim-text-type-typing wpr-anim-text-letters\" data-anim-duration=\"200,2000\" data-anim-loop=\"yes\">\n\t\t\t<span class=\"wpr-anim-text-inner\">\n\t\t\t\t\t\t\t\t\t<b>DECORATIVA<\/b>\n\t\t\t\t\t\t\t<\/span>\n\t\t\t<span class=\"wpr-anim-text-cursor\">|<\/span>\t\t<\/span>\n\n\t\t\t\t\n\t\t<\/h3>\n\t\t\n\t\t\t\t\t\t<\/div>\n\t\t\t\t<\/div>\n\t\t\t\t<\/div>\n\t\t<div class=\"elementor-element elementor-element-9fdfbc5 e-flex e-con-boxed wpr-particle-no wpr-jarallax-no wpr-parallax-no wpr-sticky-section-no wpr-equal-height-no e-con e-parent\" data-id=\"9fdfbc5\" data-element_type=\"container\" data-e-type=\"container\">\n\t\t\t\t\t<div class=\"e-con-inner\">\n\t\t\t\t<div class=\"elementor-element elementor-element-baadab9 elementor-widget elementor-widget-spacer\" data-id=\"baadab9\" data-element_type=\"widget\" data-e-type=\"widget\" data-widget_type=\"spacer.default\">\n\t\t\t\t<div class=\"elementor-widget-container\">\n\t\t\t\t\t\t\t<div class=\"elementor-spacer\">\n\t\t\t<div class=\"elementor-spacer-inner\"><\/div>\n\t\t<\/div>\n\t\t\t\t\t\t<\/div>\n\t\t\t\t<\/div>\n\t\t\t\t\t<\/div>\n\t\t\t\t<\/div>\n\t\t<div class=\"elementor-element elementor-element-883623e e-flex e-con-boxed wpr-particle-no wpr-jarallax-no wpr-parallax-no wpr-sticky-section-no wpr-equal-height-no e-con e-parent\" data-id=\"883623e\" data-element_type=\"container\" data-e-type=\"container\">\n\t\t\t\t\t<div class=\"e-con-inner\">\n\t\t\t\t<div class=\"elementor-element elementor-element-7c4e6ac elementor-widget elementor-widget-image\" data-id=\"7c4e6ac\" data-element_type=\"widget\" data-e-type=\"widget\" data-widget_type=\"image.default\">\n\t\t\t\t<div class=\"elementor-widget-container\">\n\t\t\t\t\t\t\t\t\t\t\t\t\t\t\t<img fetchpriority=\"high\" decoding=\"async\" width=\"1024\" height=\"768\" src=\"https:\/\/mceventos.com.pt\/home\/wp-content\/uploads\/2025\/04\/Design-sem-nome.png\" class=\"attachment-medium size-medium wp-image-2429\" alt=\"\" srcset=\"https:\/\/mceventos.com.pt\/home\/wp-content\/uploads\/2025\/04\/Design-sem-nome.png 1024w, https:\/\/mceventos.com.pt\/home\/wp-content\/uploads\/2025\/04\/Design-sem-nome-768x576.png 768w\" sizes=\"(max-width: 1024px) 100vw, 1024px\" \/>\t\t\t\t\t\t\t\t\t\t\t\t\t\t\t<\/div>\n\t\t\t\t<\/div>\n\t\t\t\t\t<\/div>\n\t\t\t\t<\/div>\n\t\t<div class=\"elementor-element elementor-element-2900c6a e-flex e-con-boxed wpr-particle-no wpr-jarallax-no wpr-parallax-no wpr-sticky-section-no wpr-equal-height-no e-con e-parent\" data-id=\"2900c6a\" data-element_type=\"container\" data-e-type=\"container\">\n\t\t\t\t\t<div class=\"e-con-inner\">\n\t\t\t\t<div class=\"elementor-element elementor-element-b6e2423 elementor-widget elementor-widget-heading\" data-id=\"b6e2423\" data-element_type=\"widget\" data-e-type=\"widget\" data-widget_type=\"heading.default\">\n\t\t\t\t<div class=\"elementor-widget-container\">\n\t\t\t\t\t<h1 class=\"elementor-heading-title elementor-size-default\">ILUMINA\u00c7\u00c3O DECORATIVA<\/h1>\t\t\t\t<\/div>\n\t\t\t\t<\/div>\n\t\t\t\t\t<\/div>\n\t\t\t\t<\/div>\n\t\t<div class=\"elementor-element elementor-element-a72c4c4 e-flex e-con-boxed wpr-particle-no wpr-jarallax-no wpr-parallax-no wpr-sticky-section-no wpr-equal-height-no e-con e-parent\" data-id=\"a72c4c4\" data-element_type=\"container\" data-e-type=\"container\">\n\t\t\t\t\t<div class=\"e-con-inner\">\n\t\t\t\t<div class=\"elementor-element elementor-element-dd0f160 elementor-widget elementor-widget-text-editor\" data-id=\"dd0f160\" data-element_type=\"widget\" data-e-type=\"widget\" data-widget_type=\"text-editor.default\">\n\t\t\t\t<div class=\"elementor-widget-container\">\n\t\t\t\t\t\t\t\t\t<p>\u00c9 a ilumina\u00e7\u00e3o decorativa que d\u00e1 o clima de festa! Substitui as tradicionais luzes brancas dos sal\u00f5es. Al\u00e9m de iluminar ambientes \u00e9 utilizada para valorizar arranjos, mesa de bolo, plantas, ou qualquer outra coisa que se queira dar mais aten\u00e7\u00e3o no visual!<\/p><p><br \/>5 Spots Leds \u2013 100\u20ac<br \/>10 Spots Leds \u2013 150\u20ac<br \/>15 Spots Leds \u2013 200\u20ac<br \/>Cortina de Leds \u2013 100\u20ac<\/p><p>Os valores representam uma cor fixa escolhida pelo cliente. Caso pretenda que os Spots mudem de cor acresce o valor de 50\u20ac por Pack<\/p><p><br \/>Ilumina\u00e7\u00e3o Pista de Dan\u00e7a<br \/>Com a variedade dos efeitos usados e a tecnologia dos novos equipamentos, Par LED, Ribalta de LED, Movie Head, Laser\u2019s, Maquinas de fumo, Scaners.<br \/>Conseguimos enfatizar detalhes e expressar emo\u00e7\u00f5es\u2026<\/p><p>8 Spot Leds (4+4) em 2 tripes com mesa Dmx \u2013 275\u20ac<br \/>2 Truss vertical de 2m Iluminada + 2 Moving Heads com mesa Dmx + Cortina de Leds \u2013 400\u20ac<br \/>Truss Horizontal 4m, Spots Led, Scanner\u00b4s, Laser, M\u00e1quina Fumos \u2013 500\u20ac<br \/><br \/><\/p>\t\t\t\t\t\t\t\t<\/div>\n\t\t\t\t<\/div>\n\t\t\t\t\t<\/div>\n\t\t\t\t<\/div>\n\t\t<div class=\"elementor-element elementor-element-b4fd9ea e-flex e-con-boxed wpr-particle-no wpr-jarallax-no wpr-parallax-no wpr-sticky-section-no wpr-equal-height-no e-con e-parent\" data-id=\"b4fd9ea\" data-element_type=\"container\" data-e-type=\"container\">\n\t\t\t\t\t<div class=\"e-con-inner\">\n\t\t\t\t<div class=\"elementor-element elementor-element-24ba9a5 elementor-arrows-position-inside elementor-pagination-position-outside elementor-widget elementor-widget-image-carousel\" data-id=\"24ba9a5\" data-element_type=\"widget\" data-e-type=\"widget\" data-settings=\"{&quot;slides_to_show&quot;:&quot;3&quot;,&quot;image_spacing_custom&quot;:{&quot;unit&quot;:&quot;px&quot;,&quot;size&quot;:0,&quot;sizes&quot;:[]},&quot;navigation&quot;:&quot;both&quot;,&quot;autoplay&quot;:&quot;yes&quot;,&quot;pause_on_hover&quot;:&quot;yes&quot;,&quot;pause_on_interaction&quot;:&quot;yes&quot;,&quot;autoplay_speed&quot;:5000,&quot;infinite&quot;:&quot;yes&quot;,&quot;speed&quot;:500,&quot;image_spacing_custom_tablet&quot;:{&quot;unit&quot;:&quot;px&quot;,&quot;size&quot;:&quot;&quot;,&quot;sizes&quot;:[]},&quot;image_spacing_custom_mobile&quot;:{&quot;unit&quot;:&quot;px&quot;,&quot;size&quot;:&quot;&quot;,&quot;sizes&quot;:[]}}\" data-widget_type=\"image-carousel.default\">\n\t\t\t\t<div class=\"elementor-widget-container\">\n\t\t\t\t\t\t\t<div class=\"elementor-image-carousel-wrapper swiper\" role=\"region\" aria-roledescription=\"carousel\" aria-label=\"Carrossel de imagens\" dir=\"ltr\">\n\t\t\t<div class=\"elementor-image-carousel swiper-wrapper\" aria-live=\"off\">\n\t\t\t\t\t\t\t\t<div class=\"swiper-slide\" role=\"group\" aria-roledescription=\"slide\" aria-label=\"1 of 3\"><figure class=\"swiper-slide-inner\"><img decoding=\"async\" class=\"swiper-slide-image\" src=\"https:\/\/mceventos.com.pt\/home\/wp-content\/uploads\/2025\/04\/DJ-Luzes-Iluminacao-Arquitetural-www.mceventos.com_.pt-3-1024x768.jpg\" alt=\"DJ - Luzes -Ilumina\u00e7\u00e3o Arquitetural www.mceventos.com.pt (3)\" \/><\/figure><\/div><div class=\"swiper-slide\" role=\"group\" aria-roledescription=\"slide\" aria-label=\"2 of 3\"><figure class=\"swiper-slide-inner\"><img decoding=\"async\" class=\"swiper-slide-image\" src=\"https:\/\/mceventos.com.pt\/home\/wp-content\/uploads\/2025\/04\/DJ-Luzes-Iluminacao-Arquitetural-www.mceventos.com_.pt-2-1024x768.jpg\" alt=\"DJ - Luzes -Ilumina\u00e7\u00e3o Arquitetural www.mceventos.com.pt (2)\" \/><\/figure><\/div><div class=\"swiper-slide\" role=\"group\" aria-roledescription=\"slide\" aria-label=\"3 of 3\"><figure class=\"swiper-slide-inner\"><img decoding=\"async\" class=\"swiper-slide-image\" src=\"https:\/\/mceventos.com.pt\/home\/wp-content\/uploads\/2025\/04\/DJ-Luzes-Iluminacao-Arquitetural-www.mceventos.com_.pt-1-1024x768.jpg\" alt=\"DJ - Luzes -Ilumina\u00e7\u00e3o Arquitetural www.mceventos.com.pt (1)\" \/><\/figure><\/div>\t\t\t<\/div>\n\t\t\t\t\t\t\t\t\t\t\t\t<div class=\"elementor-swiper-button elementor-swiper-button-prev\" role=\"button\" tabindex=\"0\">\n\t\t\t\t\t\t<svg aria-hidden=\"true\" class=\"e-font-icon-svg e-eicon-chevron-left\" viewBox=\"0 0 1000 1000\" xmlns=\"http:\/\/www.w3.org\/2000\/svg\"><path d=\"M646 125C629 125 613 133 604 142L308 442C296 454 292 471 292 487 292 504 296 521 308 533L604 854C617 867 629 875 646 875 663 875 679 871 692 858 704 846 713 829 713 812 713 796 708 779 692 767L438 487 692 225C700 217 708 204 708 187 708 171 704 154 692 142 675 129 663 125 646 125Z\"><\/path><\/svg>\t\t\t\t\t<\/div>\n\t\t\t\t\t<div class=\"elementor-swiper-button elementor-swiper-button-next\" role=\"button\" tabindex=\"0\">\n\t\t\t\t\t\t<svg aria-hidden=\"true\" class=\"e-font-icon-svg e-eicon-chevron-right\" viewBox=\"0 0 1000 1000\" xmlns=\"http:\/\/www.w3.org\/2000\/svg\"><path d=\"M696 533C708 521 713 504 713 487 713 471 708 454 696 446L400 146C388 133 375 125 354 125 338 125 325 129 313 142 300 154 292 171 292 187 292 204 296 221 308 233L563 492 304 771C292 783 288 800 288 817 288 833 296 850 308 863 321 871 338 875 354 875 371 875 388 867 400 854L696 533Z\"><\/path><\/svg>\t\t\t\t\t<\/div>\n\t\t\t\t\n\t\t\t\t\t\t\t\t\t<div class=\"swiper-pagination\"><\/div>\n\t\t\t\t\t\t\t\t\t<\/div>\n\t\t\t\t\t\t<\/div>\n\t\t\t\t<\/div>\n\t\t\t\t<div class=\"elementor-element elementor-element-53c38b8 elementor-widget elementor-widget-spacer\" data-id=\"53c38b8\" data-element_type=\"widget\" data-e-type=\"widget\" data-widget_type=\"spacer.default\">\n\t\t\t\t<div class=\"elementor-widget-container\">\n\t\t\t\t\t\t\t<div class=\"elementor-spacer\">\n\t\t\t<div class=\"elementor-spacer-inner\"><\/div>\n\t\t<\/div>\n\t\t\t\t\t\t<\/div>\n\t\t\t\t<\/div>\n\t\t\t\t\t<\/div>\n\t\t\t\t<\/div>\n\t\t\t\t<\/div>\n\t\t","protected":false},"excerpt":{"rendered":"<p>ILUMINA\u00c7\u00c3O DECORATIVA | ILUMINA\u00c7\u00c3O DECORATIVA \u00c9 a ilumina\u00e7\u00e3o decorativa que d\u00e1 o clima de festa! Substitui as tradicionais luzes brancas dos sal\u00f5es. Al\u00e9m de iluminar ambientes \u00e9 utilizada para valorizar arranjos, mesa de bolo, plantas, ou qualquer outra coisa que se queira dar mais aten\u00e7\u00e3o no visual! 5 Spots Leds \u2013 100\u20ac10 Spots Leds \u2013 150\u20ac15 Spots Leds \u2013 200\u20acCortina de Leds \u2013 100\u20ac Os valores representam uma cor fixa escolhida pelo cliente. Caso pretenda que os Spots mudem de cor acresce o valor de 50\u20ac por Pack Ilumina\u00e7\u00e3o Pista de Dan\u00e7aCom a variedade dos efeitos usados e a tecnologia dos novos equipamentos, Par LED, Ribalta de LED, Movie Head, Laser\u2019s, Maquinas de fumo, Scaners.Conseguimos enfatizar detalhes e expressar emo\u00e7\u00f5es\u2026 8 Spot Leds (4+4) em 2 tripes com mesa Dmx \u2013 275\u20ac2 Truss vertical de 2m Iluminada + 2 Moving Heads com mesa Dmx + Cortina de Leds \u2013 400\u20acTruss Horizontal 4m, Spots Led, Scanner\u00b4s, Laser, M\u00e1quina Fumos \u2013 500\u20ac<\/p>\n","protected":false},"author":2,"featured_media":0,"parent":0,"menu_order":0,"comment_status":"closed","ping_status":"closed","template":"elementor_header_footer","meta":{"footnotes":""},"class_list":["post-1340","page","type-page","status-publish","hentry","entry"],"_links":{"self":[{"href":"https:\/\/mceventos.com.pt\/home\/wp-json\/wp\/v2\/pages\/1340","targetHints":{"allow":["GET"]}}],"collection":[{"href":"https:\/\/mceventos.com.pt\/home\/wp-json\/wp\/v2\/pages"}],"about":[{"href":"https:\/\/mceventos.com.pt\/home\/wp-json\/wp\/v2\/types\/page"}],"author":[{"embeddable":true,"href":"https:\/\/mceventos.com.pt\/home\/wp-json\/wp\/v2\/users\/2"}],"replies":[{"embeddable":true,"href":"https:\/\/mceventos.com.pt\/home\/wp-json\/wp\/v2\/comments?post=1340"}],"version-history":[{"count":35,"href":"https:\/\/mceventos.com.pt\/home\/wp-json\/wp\/v2\/pages\/1340\/revisions"}],"predecessor-version":[{"id":2678,"href":"https:\/\/mceventos.com.pt\/home\/wp-json\/wp\/v2\/pages\/1340\/revisions\/2678"}],"wp:attachment":[{"href":"https:\/\/mceventos.com.pt\/home\/wp-json\/wp\/v2\/media?parent=1340"}],"curies":[{"name":"wp","href":"https:\/\/api.w.org\/{rel}","templated":true}]}}